*f - 11 = -47. What is the units digit of 6/f*(-2 + 746/4)?
3
Let o(u) = u**2 - 3*u - 6. Let y be o(5). Let k be 21/28 + 9/y. Suppose -k*x - 31 = -2*c, 4*c - 2*c + 2*x = 56. What is the tens digit of c?
2
Suppose l - 8*m + 5*m = 585, 0 = 5*m - 20. What is the units digit of l?
7
Let m = -4 - -12. Let t(z) = z**3 - 9*z**2 + 6*z + 8. Let q be t(m). What is the units digit of (106/q)/((-1)/4)?
3
Let y(h) = 3*h - 16. Let o be y(6). Suppose o*t + 58 = 2*w - 110, 3*w = 5*t + 254. What is the units digit of w?
3
Let p be 1*-96*(-3 + 4). Let u be (p/80)/(1/(-10)). Suppose 69 = 5*j - j - v, j = 2*v + u. What is the units digit of j?
8
Suppose -f + 2237 = y, -5*f - 28*y = -27*y - 11205. What is the hundreds digit of f?
2
Let z be (-2)/((-4)/(-4)*-1). Suppose -o + 497 = z*j - 2*o, -5*o = 15. What is the hundreds digit of j?
2
Suppose -4*h = -4*v + 4, 3*v + 0*v - 3 = -2*h. Suppose h = -4*q + 317 + 3. What is the units digit of q?
0
Suppose -g + 1577 = 2*q, 5*q - 2273 = -3*g + 1670. What is the tens digit of q?
8
Let o(z) = -z**2 - 8*z - 10. Let d be o(-5). Suppose -3*a = 4*i - 197, -d*a - 2*i + 334 = -i. What is the units digit of a?
7
What is the thousands digit of (-4)/6 + (-111678)/(-63)?
1
Let s(o) = o**2 + o. Let z be s(1). Suppose -2*q + 6*q = -5*d + 51, 27 = 5*d - z*q. Suppose 0 = 3*c + 12, 3*g + d*c - 4*c - 72 = 0. What is the tens digit of g?
2
Suppose -13*p + 15*p - 8 = 0. Suppose -p*v = -v. Suppose v = -0*b - b + 37. What is the tens digit of b?
3
Suppose -5*k - 5*r = 30 - 5, -5*k = -3*r - 15. Suppose 5*l - 3*l - 10 = k. Suppose b = h + 20, -l*b = 5*h - 64 - 76. What is the units digit of b?
4
Let k be (4/10)/(13/65). Suppose -1 = 3*g - k*g. What is the units digit of 46 - (4/g)/4?
7
Suppose -t - t = -3*p - 201, -304 = -3*t + 4*p. Suppose 0 = -5*q + 32 + t. Suppose 2*l - 18 - q = 0. What is the tens digit of l?
2
Let m be 4*3/6 - 0. Suppose m*p = 5*p + 6. What is the units digit of ((-2)/p - 0)*30?
0
Let z(l) = -81*l - 5. What is the units digit of z(-1)?
6
Let s(f) = 5*f + 8. Let w be s(4). Suppose -w*r + 1584 = -19*r. What is the tens digit of r?
7
Let l = -88 + 147. Let x be (3 + 65/(-15))*-3. Suppose -x*h + l = -53. What is the units digit of h?
8
Suppose -3 = -3*j + 3*n, -2 = -5*n + 4*n. Let c be (1/j)/(8/360). Suppose -45 = -c*f + 10*f. What is the units digit of f?
9
Let a(k) = -2*k**2 + 88 + 4*k**2 + 2*k**2 + k**3 - 3*k**2. Let q be a(0). What is the units digit of q/24 - (-4)/(-6)?
3
Let f be ((-3)/(-2))/(3/10). Suppose f*l = s, -3*l - 11 - 25 = -3*s. What is the units digit of 177/s - 1/(-5)?
2
Suppose -16*b = 3*b - 12597. What is the tens digit of b?
6
Let y(w) be the third derivative of -w**6/60 + 3*w**5/10 - w**4/8 - 4*w**3/3 - 45*w**2. What is the tens digit of y(8)?
9
Let n(g) = 4*g**2 + 6*g - 30. What is the tens digit of n(7)?
0
Let x = -952 + 1058. Let j = -26 + -47. Let f = x + j. What is the units digit of f?
3
Let x be 1/4 + (-37)/4. Let t be ((-24)/x - 2)*-219. What is the tens digit of 8/12 + t/(-6)?
2
Suppose r = -3 - 35. Suppose 74 - 14 = 3*z. What is the units digit of r/(-8) - (-5)/z?
5
Suppose 4685 = -32*y + 37*y. What is the units digit of y?
7
Let t(y) = 5*y**3 - 14*y**2 + 20*y + 28. Let k(c) = 4*c**3 - 13*c**2 + 19*c + 27. Let f(a) = 6*k(a) - 5*t(a). What is the tens digit of f(-10)?
8
Suppose 4*o - 14 = -2*f, 1 + 9 = 2*o + 2*f. What is the units digit of (10/(-8) + o)*28?
1
Let l(o) = -o**2 - o + 2. Let b be l(0). Suppose 0 = b*f + 10 - 44. What is the tens digit of f?
1
Let z(l) = -l**2 + 8*l. Let r be z(8). Suppose -d - 26 = -b, -b + r*b = 3*d - 10. What is the units digit of b?
2
Suppose 604 = -4*p + 6*p. Suppose -2*i - 2*i - 290 = -3*j, 3*j - i - p = 0. What is the hundreds digit of j?
1
Let q = -55 - -58. Suppose -q*v + v = -406. What is the hundreds digit of v?
2
Suppose 11*h = -36 + 311. What is the tens digit of h?
2
What is the hundreds digit of (-91795)/(-88) + (10/(-16))/5?
0
Let h(x) = 12*x**2 - 8*x - 72. What is the units digit of h(-10)?
8
Suppose -3*x + 22 = -2*t, 5*x + 0*x + 4*t = 0. Suppose x*p + 135 = 615. What is the tens digit of p?
2
Suppose -13*n = -15*n + 26. What is the tens digit of n?
1
What is the tens digit of (-1 - 0) + 1616 - 9?
0
Suppose -6*u + 1725 = -u. What is the hundreds digit of u?
3
Let d = -1204 + 2568. What is the hundreds digit of d?
3
Let f(t) = 12*t + 69. Let c be f(29). Suppose -155 = -13*d + c. What is the units digit of d?
4
Let i(p) = 92*p - 30. What is the units digit of i(4)?
8
Suppose -62*p + 5559 = -5787. What is the hundreds digit of p?
1
What is the tens digit of (-16002)/(-54) + 2/(-6)?
9
Let t = -10 - -3. Let o be (-52)/14*(0 + t). What is the tens digit of (-10)/20*(0 - o)?
1
Suppose 0 = -2*a - 4*l + 16, -4*l = -9*a + 4*a + 12. Suppose 2 = t - a. Let k(h) = h**3 - 5*h**2 - 2*h + 6. What is the tens digit of k(t)?
3
Let r(d) = 2*d - 7. Suppose -t - 3*u + 14 = 0, 2*t + 7 = -2*u + 23. Let j be r(t). What is the tens digit of (10/(-4))/(j/(-12))?
1
What is the hundreds digit of (-8)/(-14) - (-7610)/35?
2
Suppose 0 = 91*v - 102*v + 7359. What is the units digit of v?
9
Let y(r) = -r**3 - 6*r**2 + 2*r + 1. Let k be (1/3)/((-1)/21). Let n be y(k). Let t = -22 + n. What is the units digit of t?
4
Let l(s) be the first derivative of 2*s**3 + 5*s**2/2 - 4*s + 22. What is the tens digit of l(-3)?
3
What is the units digit of -3 + 0/(-2) - (7 - 407)?
7
Let x(v) = -145*v - 238. What is the hundreds digit of x(-40)?
5
Let f(b) be the third derivative of 67*b**4/24 - b**3/3 + 30*b**2. What is the units digit of f(3)?
9
What is the tens digit of 290795/1805 + 4/(-38)?
6
Suppose -4*v - 109 = -117. Suppose -4*w - w - u = -32, -v*w + 5*u = -2. What is the units digit of w?
6
Suppose -3 = 3*f - 0*f. Let b(v) = 69*v**3 + v**2 + v + 1. Let x be b(f). What is the units digit of x/(-6) + (-4)/(-6)?
2
What is the units digit of 311 - (120/36)/(2/3)?
6
Let b be 4/(-10) + (-190)/25. Let r be b + 5 - (1 + -7). Suppose -180 = -r*q - 48. What is the tens digit of q?
4
Let u = -240 - -160. What is the units digit of (-3)/1 - (u + 2)?
5
Let a(k) = -8*k - 4. Suppose -2*c = 2*c + 8. Let q(g) = g**3 - 4*g - 5. Let r be q(c). What is the tens digit of a(r)?
3
Suppose -2*o + 16 = -4*y, 5*y - 4 = 4*o - 24. Suppose -5*v + v + 168 = o. What is the tens digit of v?
4
Suppose 16 = -3*o + 7*o. Let r be (-38)/4 + o/(-8). Let l = -8 - r. What is the units digit of l?
2
Let l = 6322 + -1645. What is the hundreds digit of l?
6
Let n(i) = 4*i**2 - 23*i + 8. What is the hundreds digit of n(10)?
1
Let l be (-1)/(-4 + (-1356)/(-340)). Suppose 2*r - 187 = -2*j + l, 25 = -5*r. What is the units digit of j?
1
Let k(x) be the second derivative of 11*x**5/5 - x**3/6 - 5*x. Let l be k(-1). Let q = -21 - l. What is the units digit of q?
2
Let n = 947 + -832. What is the tens digit of n?
1
Let j = 3 - 4. Let s be j + 3/(12/16). What is the units digit of 2 + (-1 + s - -25)?
9
What is the thousands digit of (-1 + -2)*(-6)/(126/19033)?
2
Let m(i) = 3*i**2 - 2*i - 1. Let w be m(-1). Let a(h) be the first derivative of h**3/3 + 5*h**2/2 + 3*h - 2. What is the tens digit of a(w)?
3
What is the hundreds digit of 5818*((-25)/(-10) - 2)?
9
Suppose -f - 296 = -1845. Suppose 9*o + 118 = f. What is the units digit of o?
9
Let c = -867 + 869. Suppose -5*a = 5*h - 5, 4*a = 3*h - 0*a - 17. Suppose h*x - 48 = c*r, 3*x - 2*x - r = 16. What is the units digit of x?
6
Suppose 0 = l - 2. Suppose -b = 5*q + 14, -l*b - 2 + 4 = 0. What is the units digit of (3/9)/((-1)/q)?
1
Let p(z) = -2*z**3 - 7*z**2 + 15*z + 74. What is the thousands digit of p(-12)?
2
Let p be 20/30*(-6)/(-1). What is the tens digit of (-88)/((-24)/4 + p)?
4
Let r be 1*-1*-4*12/(-16). Let s(v) = 3*v**2 + 8*v + 14. What is the tens digit of s(r)?
1
Let s(j) = -5*j - 22. Let z be s(-5). Suppose 4*m - 53 - z = 0. What is the tens digit of m?
1
Suppose 4*g + 3*s - 20 = 0, -3*s + 22 = 5*g - 0*s. Suppose 332 = 3*k - 4*l, -g*l - 115 - 219 = -3*k. What is the hundreds digit of k?
1
Let t(c) = -c**2 + 8*c + 7. Let m be t(12). Let j = m - -100. What is the units digit of j?
9
Suppose -4*w + 3*b - 17 = 0, -3*b - 2*b = w - 13. What is the units digit of ((-340)/8)/(w/4)?
5
Let l = 159 - 84. Suppose -l = -2*u - 3*u. What is the units digit of u?
5
What is the units digit of 